(-1)/2). Calculate l(i).
7
Let a(l) = -2*l - 14. Let u be (-208)/20 + (-90)/25 + 5. Determine a(u).
4
Let b(s) be the first derivative of s**6/360 - s**5/20 - 3*s**4/8 + 32*s**3/3 - 4. Let q(l) be the third derivative of b(l). Determine q(7).
-2
Suppose -30*d = 116 - 626. Let f(i) = -i**3 + 22*i + d*i + 6*i**2 + 10 - 49*i. Give f(4).
2
Let k(a) = a - 7. Let d(s) = 8*s + 72. Let j be d(-4). Suppose 3*r - 5*h + 8 = -h, 0 = -5*r - 4*h + j. Calculate k(r).
-3
Suppose d - 34 = -5*w, -4*w + 2 + 26 = d. Let b(a) = -2*a + a - a + 0*a - w*a**2 + 5*a. Calculate b(2).
-18
Let q(a) be the second derivative of -a**5/20 - 3*a**4/4 + 10*a**3/3 - 15*a**2/2 - 2084*a. What is q(-11)?
7
Let z = -2721 - -2727. Let l(c) = c - 3. Calculate l(z).
3
Let n be 0 + 13 + 144 + -163. Let c(i) = i**3 + 4*i**2 + 5*i + 8. What is c(n)?
-94
Let f = 877/10236 + -2/853. Let t(j) be the third derivative of 0 + 0*j + j**2 + 1/3*j**3 + f*j**4 - 1/60*j**5. Calculate t(-3).
-13
Let x(i) = -i + 1. Let v be 6/(-18) + (-24)/36. Give x(v).
2
Let n(r) = 5*r - 5. Let u be n(10). Let d = 47 - u. Let o be (-57)/(-11) + (12/(-33))/d. Let k(p) = -p + 7. Determine k(o).
2
Let x be (-5)/2*12/(-15). Let m be 41/(-164) - (-49)/4. Let g(f) = -m + 30 + f - f**x + 0*f. Give g(0).
18
Let f(r) = -2*r**2 - 5*r + 5. Let s(v) be the third derivative of -v**5/60 - v**4/8 + v**3/2 - 5*v**2 + 7*v. Let h(m) = 6*f(m) - 11*s(m). Determine h(4).
-7
Let t(f) = 1 - 12*f - 5 + 7*f + 3. Suppose 0 = -0*b - 5*b. Suppose b = 5*p - 20, m + p = 6*m - 1. Determine t(m).
-6
Suppose b + 4*t = 23, -4*b - 5*t + 22 = -15. Let w(c) = 0 + 2*c + 4*c**2 - c**b + 2 - 6*c. Let s = -939 - -942. What is w(s)?
-1
Let i(q) = 1 + 6*q + 8*q - 12*q - 3*q**3 + 0 + 2*q**2. Let p = -294 - -293. What is i(p)?
4
Let n(l) = -l + 1. Let a(t) = t**3 - 8*t**2 + 9*t - 1. Let x(h) = h**2 - 2. Let c(f) = a(f) + 2*x(f). Let r(v) = c(v) + 3*n(v). What is r(5)?
3
Suppose 42*l - 185 = 25. Let j(c) = 13*c - 75. Give j(l).
-10
Let a be ((-33)/(-6) - 1) + (-1)/(-2). Let q(p) = 4*p + 30. Let u(r) = r + 1. Let d(z) = a*u(z) - q(z). Give d(12).
-13
Let m(p) = 3*p**2 + 5*p. Let d be m(-2). Suppose 7*c - 6*c + 4*a + 6 = 0, d*c - a = -21. Let t(v) = -v**3 - 9*v**2 + 12*v + 25. What is t(c)?
5
Let y(q) = -q**3 - 2*q**2 + 2*q + 2. Let h be (1 - 6) + 2 - (299 - 0). Let p = 304 + h. Calculate y(p).
-10
Let i(c) = 6991*c - 6989*c + 8 + c**3 + 1. What is i(0)?
9
Suppose 240 = 22*o + 20 - 0. Let n(k) = k**2 - 6*k + 18. Give n(o).
58
Let y(v) = -v**2 + 3*v - 5. Let r(p) = p**2 + p - 8*p + 14 - p + 2*p**2. Let j(i) = 2*r(i) + 7*y(i). Let m(n) = n**2 + 7*n - 3. Let z be m(-8). Determine j(z).
-7
Let u be ((-8)/26)/((-23112)/(-1053) - 22). Let a(n) be the first derivative of -n**2 + n - 2. Calculate a(u).
-11
Let y be 16 + 45/(-3) - (2 + -4 + 2). Let u(x) = -7*x**3 - 4*x + 4. Calculate u(y).
-7
Let q(j) = -2 - 214*j**2 - 4*j - 210*j**2 + 425*j**2 - 8. Suppose -4*f + 8 = -12. Determine q(f).
-5
Let c(r) = -10 + 17 - 3210*r**2 + 4*r + 3209*r**2. Determine c(0).
7
Let l(v) = -2*v**3 + 117*v + 0*v**3 + 4 + 11*v**2 - 111*v. Calculate l(6).
4
Let a(g) = 4*g + 4 + g - 2. Suppose 0 = -4*p - 235 + 255. Determine a(p).
27
Let z(j) = j - 17. Suppose -20*p + 21*p = -2*q + 3, 4 = -4*q - 4*p. What is z(q)?
-13
Let j be (2 - 3)/(0 + 1)*-10. Suppose 2*g + j = -3*o, 5 = 6*o - 7*o - g. Let r(m) = m**2 - m + 19. Give r(o).
19
Let r(k) = 5*k + 1803. Let n(u) = u + 281. Let f(c) = -13*n(c) + 2*r(c). Give f(9).
-74
Let h(g) = g**3 + 5*g**2 + 2*g - 7. Let v be h(-3). Suppose 2*q = k, v*q - 16 - 11 = -2*k. Suppose -k*a - 60 = -11*a. Let w(d) = d - 13. Determine w(a).
-1
Let z(p) = -25*p. Suppose -3*x - 73 = 4*h - 99, -5*h + 31 = 3*x. Give z(x).
-50
Let d(j) = 26*j**2 + 147*j - 4. Let l(t) = -25*t**2 - 117*t + 3. Let h(f) = -4*d(f) - 5*l(f). What is h(-1)?
25
Let m(w) = w**3 + 5*w**2 + 5*w + 3. Let v(t) = -t**2 - 83*t - 1025. Let a be v(-68). Determine m(a).
-22
Let z(q) = -8*q + 1. Let d(w) = -w + 5. Let o(f) = 3*d(f) + z(f). Calculate o(2).
-6
Let y(c) = -c**3 + 9*c**2 - 10*c + 2. Let a be y(8). Let k = a + 22. Let q(n) = -2*n + 16. Let z(x) = -2. Let g(i) = q(i) + 2*z(i). Calculate g(k).
-4
Let w = 7 + -1. Suppose 7*f = 1 + w. Let l(h) be the second derivative of 3*h**5/20 - h**3/3 + h**2/2 - h - 128. Give l(f).
2
Let k(m) = -2*m + 6. Suppose 52 + 8 = 12*r. Let j = -21 - -35. Suppose r*n + j = 44. Determine k(n).
-6
Let f(g) be the second derivative of 10*g**3/3 - 12*g**2 - 33*g - 15. What is f(8)?
136
Let l be -2*2/4*-5. Suppose -4*m = -2*m + 5*f + 12, -2*m - f + 4 = 0. Let k(w) = -m*w**2 + 0*w**2 + 2*w**3 - 5*w - 2 + w**3 - 2*w**3. Determine k(l).
-2
Let k(i) = 9*i**2 - 71*i + 10. Let f(x) = -23*x**2 + 214*x - 33. Let m(j) = 4*f(j) + 11*k(j). Determine m(-11).
0
Let p(v) = v**2 + 4*v + 3. Let j = -78 + 80. Let o be 168/(-98) - j/7. Determine p(o).
-1
Let n(o) = -10*o + 2. Let a(h) = 27*h - 6. Let g(k) = 3*a(k) + 8*n(k). Let f(d) = -3*d + 10. Let y = 14 + -10. Let z be f(y). Determine g(z).
-4
Let h(w) = 9*w**2 - 3*w + 2. Suppose 2*l + 7*f - 4*f - 11 = 0, -16 = -4*l - 4*f. What is h(l)?
8
Suppose 0 = k - 147*u + 145*u - 9, -5*u - 3 = 4*k. Let r(w) be the first derivative of 0*w**k - w + 0*w**2 + 9/4*w**4 - 15. What is r(-1)?
-10
Let g(q) = 3*q - 1. Let l(t) be the third derivative of -t**4/6 + 8*t**3/3 + 177*t**2. Let o(f) = -g(f) - l(f). Calculate o(5).
-10
Let z be 4/(-6) + 8/3. Suppose 2389*d - 2 = 2388*d. Suppose 5*r = -d*u - 6, -5*u + z*u + 17 = r. Let y(n) = -n**3 + 8*n**2 - 7*n - 6. Give y(u).
-6
Suppose 2*t - 2*s + 6 = 0, 0*s = 4*t + 4*s - 12. Suppose t = -3*u + 4*u + 1. Let f(l) be the third derivative of l**4/24 - l**3/6 - 46*l**2. Calculate f(u).
-2
Let u(q) = 6*q - 54. Suppose j = -4*f + 60, 2*f - 158 = 2*j - 128. Determine u(f).
36
Let k(g) = 3*g**2 + 23*g + 6. Let v = 5786 + -5792. Give k(v).
-24
Let z(v) = 28*v - 46*v + 25*v - 1. Suppose 5*n - 4*x = -6, 2*n - 2*x = 7 - 9. Give z(n).
-15
Let r(f) = -f + 15. Let j be r(11). Let g be 1*3 + (-1)/(j/12). Let h be (-3)/(g + 1) + 6. Let o(n) = -n**3 + 3*n**2 + 2. What is o(h)?
2
Let i(v) = -v**3 - 2*v**2 - 2*v - 6. Let z(t) = -7*t**3 + 27*t**2 + 25*t + 87. Let m(s) = -6*i(s) + z(s). Calculate m(40).
3
Let f(x) be the second derivative of -x**4/12 - x**3 + x**2 - 2*x. Suppose -5*s - 15 = 2*c - 4*s, -2*s = -2*c. Give f(c).
7
Let t(a) = -5*a**3 - 8*a**2 - 9*a + 13. Let q(g) = 9*g**3 + 16*g**2 + 19*g - 21. Let h(x) = 4*q(x) + 7*t(x). Calculate h(-6).
1
Let o(n) = 9*n**3 + 8 - 19*n**3 + n + 12*n**3 - 3. Let g be o(0). Let i(d) = -1 + g - 5*d + d + 3*d. Calculate i(6).
-2
Let p(u) = -u**3 - 8*u**2 + 22*u + 34. Let z = 21872 - 21882. Give p(z).
14
Let u(s) be the third derivative of s**5/120 - s**4/12 + 10*s**3/3 - 24*s**2 - 1. Let d(m) be the first derivative of u(m). Give d(0).
-2
Let k(a) = 7*a**2 + 322*a - 979*a - 30 + 335*a - a**3 + 336*a. Calculate k(8).
18
Let z(i) = -i**3 - 2*i**2 + 3*i + 4. Let q(r) = 2*r**2 - 34*r + 11. Let n be q(15). Let h = -48 - n. Suppose -3*p = -h + 10. Give z(p).
4
Let w(m) = m + 1. Let y(f) = -2*f - 15. Let t(k) = k + 7. Let s(h) = 13*t(h) + 6*y(h). Suppose 0 = 3*n - 31 + 37. Let x(o) = n*w(o) + s(o). What is x(7)?
-8
Let w(s) = -4*s**2 + 2*s**2 - 7 + s**2 + 5*s. Suppose -3*o - 96 = -261. Suppose 10 = 57*d - o*d. Determine w(d).
-7
Let v = 7647 + -7645. Let w(f) be the second derivative of f**3 - 5*f**2/2 + 10*f. Give w(v).
7
Let r(q) = q**3 - 6*q**2 - 5*q - 8. Let c be (10 + (-6)/1)/((25/10)/5). What is r(c)?
80
Suppose -13 = 3*y - 7*b, 6*y - y - 5*b = -15. Let k(i) = -8*i + 8. Calculate k(y).
24
Let u(b) = b - 18. Suppose 48*z = 79*z + 115 - 22. What is u(z)?
-21
Let k(z) = 8*z**2 - 210*z - 157. Let c(o) = 9*o**2 - 223*o - 157. Let r(d) = 10*c(d) - 11*k(d). Give r(-38).
5
Let y(k) = -k**2 + 50*k - 38*k + 35*k**3 + 1 - 12. Let b(q) = -7*q**3 - 2*q + 2. Let j(v) = 11*b(v) + 2*y(v). Determine j(1).
-7
Suppose -z - 28 = -8*z. Suppose 3*g - 16 = -0*t - 4*t, -2*g + z*t + 4 = 0. Let o(q) = -2*q**3 + 5*q**2 + 3*q - 3. Give o(g).
-39
Suppose -282 = -40*c - 75 + 153. Let y(k) = 8*k - 66. Determine y(c).
6
Suppose 124*i = 33*i - 1001. Let v(u) = 13*u + 150. Give v(i).
7
Let k(j) be the second derivative of j**5/20 - 5*j**4/6 + 3*j**3 - 6*j**2 + 2610*j. Determine k(8).
4
Let x = 2 + -1. Let u(f) = -3*f + 99 - 43 -